ivided by 70.
27
What is the remainder when 158139 is divided by 1111?
377
Calculate the remainder when 603453 is divided by 7.
4
What is the remainder when 57425131 is divided by 17101?
17074
Calculate the remainder when 1491476 is divided by 1306.
24
What is the remainder when 1392806 is divided by 278561?
1
Calculate the remainder when 13198524 is divided by 1649815.
4
What is the remainder when 44860 is divided by 476?
116
What is the remainder when 244259195 is divided by 12?
11
Calculate the remainder when 426320 is divided by 23678.
116
Calculate the remainder when 89096918 is divided by 577.
40
What is the remainder when 20823508 is divided by 336?
244
Calculate the remainder when 7638844 is divided by 5158.
5004
What is the remainder when 6165750 is divided by 225?
75
Calculate the remainder when 44001 is divided by 13949.
2154
Calculate the remainder when 19490702 is divided by 3248432.
110
Calculate the remainder when 37729 is divided by 69.
55
What is the remainder when 381478 is divided by 37?
8
What is the remainder when 24342988 is divided by 12171427?
134
What is the remainder when 22636426 is divided by 1056?
10
What is the remainder when 308019 is divided by 1305?
39
Calculate the remainder when 5979141 is divided by 117.
90
Calculate the remainder when 134041 is divided by 2197.
24
What is the remainder when 80921919 is divided by 5419?
5411
What is the remainder when 38461507 is divided by 1786?
1783
Calculate the remainder when 1148539 is divided by 382604.
727
What is the remainder when 139465787 is divided by 27893157?
2
What is the remainder when 1062860 is divided by 138?
122
What is the remainder when 573123 is divided by 63601?
714
What is the remainder when 13541831 is divided by 72?
71
What is the remainder when 25267657 is divided by 18?
13
What is the remainder when 2726101 is divided by 181723?
256
What is the remainder when 149832455 is divided by 19?
13
Calculate the remainder when 3478434 is divided by 15122.
374
Calculate the remainder when 68929 is divided by 3809.
367
Calculate the remainder when 592162 is divided by 29606.
42
What is the remainder when 245591 is divided by 4437?
1556
Calculate the remainder when 4270393 is divided by 222.
1
Calculate the remainder when 2142439 is divided by 688.
7
Calculate the remainder when 4418536 is divided by 140.
136
What is the remainder when 6387214 is divided by 688?
510
Calculate the remainder when 198733140 is divided by 3464.
3460
What is the remainder when 15615 is divided by 121?
6
Calculate the remainder when 250479 is divided by 1031.
977
Calculate the remainder when 399529542 is divided by 22.
16
What is the remainder when 5333993 is divided by 1333479?
77
What is the remainder when 17189 is divided by 3435?
14
What is the remainder when 682722 is divided by 384?
354
Calculate the remainder when 829125 is divided by 1125.
0
What is the remainder when 82349 is divided by 791?
85
Calculate the remainder when 954109 is divided by 215.
154
What is the remainder when 149361 is divided by 3394?
25
What is the remainder when 44772 is divided by 11010?
732
Calculate the remainder when 997454 is divided by 1619.
150
Calculate the remainder when 45386 is divided by 2781.
890
What is the remainder when 1836441 is divided by 108?
9
Calculate the remainder when 6912 is divided by 6588.
324
Calculate the remainder when 218590 is divided by 218420.
170
Calculate the remainder when 380042 is divided by 11875.
42
Calculate the remainder when 4183374 is divided by 2385.
84
What is the remainder when 18539830 is divided by 14541?
55
Calculate the remainder when 241190 is divided by 225.
215
What is the remainder when 1597849 is divided by 22?
11
What is the remainder when 598070 is divided by 42619?
1404
What is the remainder when 162719637 is divided by 5546?
5543
Calculate the remainder when 217955 is divided by 4958.
4761
Calculate the remainder when 450514 is divided by 450096.
418
Calculate the remainder when 14762836 is divided by 19.
7
Calculate the remainder when 652744 is divided by 652710.
34
What is the remainder when 1582251 is divided by 351?
294
What is the remainder when 135023 is divided by 436?
299
What is the remainder when 428472 is divided by 280?
72
What is the remainder when 5061997 is divided by 80?
77
Calculate the remainder when 12444721 is divided by 106.
3
Calculate the remainder when 4940086 is divided by 352855.
116
Calculate the remainder when 1419995 is divided by 709988.
19
Calculate the remainder when 5692488 is divided by 18.
6
Calculate the remainder when 5502247 is divided by 55.
47
Calculate the remainder when 4892585 is divided by 1630856.
17
Calculate the remainder when 2022773 is divided by 1286.
1181
What is the remainder when 2211581 is divided by 59772?
17
Calculate the remainder when 10341712 is divided by 3039.
3034
Calculate the remainder when 2330419 is divided by 9959.
13
Calculate the remainder when 27663 is divided by 39.
12
Calculate the remainder when 90713 is divided by 983.
277
Calculate the remainder when 252201245 is divided by 41.
36
What is the remainder when 2054355 is divided by 2617?
10
What is the remainder when 24857553 is divided by 753259?
6
Calculate the remainder when 5022471 is divided by 25.
21
Calculate the remainder when 40851081 is divided by 271.
270
What is the remainder when 42529360 is divided by 166?
160
What is the remainder when 24241806 is divided by 718?
690
Calculate the remainder when 22586279 is divided by 2954.
2949
What is the remainder when 22421 is divided by 896?
21
What is the remainder when 451405 is divided by 13655?
790
What is the remainder when 11259428 is divided by 183?
170
Calculate the remainder when 1185570 is divided by 395186.
12
Calculate the remainder when 4123403 is divided by 1030833.
71
Calculate the remainder when 279351 is divided by 3990.
51
What is the remainder when 1283272 is divided by 3877?
3862
What is the remainder when 95781 is divided by 11948?
197
Calculate the remainder when 11495972 is divided by 75.
47
What is the remainder when 54589676 is divided by 138905?
11
Calculate the remainder when 35075 is divided by 8748.
83
What is the remainder when 49861 is divided by 4137?
217
Calculate the remainder when 3011452 is divided by 26650.
2
What is the remainder when 175084 is divided by 346?
8
What is the remainder when 1690065 is divided by 47?
39
What is the remainder when 3667106 is divided by 4636?
30
What is the remainder when 369334 is divided by 102?
94
Calculate the remainder when 3790560 is divided by 21.
18
What is the remainder when 28779489 is divided by 7194869?
13
Calculate the remainder when 263727359 is divided by 576.
575
Calculate the remainder when 1021882 is divided by 325.
82
Calculate the remainder when 149023278 is divided by 65823.
6
What is the remainder when 502991 is divided by 2317?
202
Calculate the remainder when 211255954 is divided by 17.
14
What is the remainder when 1354238 is divided by 169279?
6
Calculate the remainder when 24718220 is divided by 26.
20
Calculate the remainder when 50133625 is divided by 15830.
15
Calculate the remainder when 1513381 is divided by 610.
581
What is the remainder when 136798209 is divided by 345450?
9
What is the remainder when 36339 is divided by 2024?
1931
Calculate the remainder when 21226956 is divided by 22.
14
What is the remainder when 104561 is divided by 104258?
303
Calculate the remainder when 11823202 is divided by 319546.
0
What is the remainder when 2650041 is divided by 178?
155
What is the remainder when 64846842 is divided by 1056?
1050
What is the remainder when 199722041 is divided by 90?
71
What is the remainder when 1936532 is divided by 65?
52
What is the remainder when 84978 is divided by 84897?
81
What is the remainder when 10108396 is divided by 114868?
12
Calculate the remainder when 3679962 is divided by 919989.
6
Calculate the remainder when 67799335 is divided by 882.
877
Calculate the remainder when 27105852 is divided by 38070.
12
Calculate the remainder when 149641 is divided by 10640.
681
Calculate the remainder when 2493192 is divided by 1905.
1452
What is the remainder when 158506 is divided by 52729?
319
What is the remainder when 55152 is divided by 18